 z is divided by l?
12
Let u(d) be the second derivative of d**5/20 - d**4/3 - d**3/2 - 3*d**2/2 + 9*d. What is the remainder when 25 is divided by u(5)?
4
Let u(j) = -3*j**3 + j**2 - 2*j + 1. What is the remainder when u(-3) is divided by (-7)/70 - (-331)/10?
31
Calculate the remainder when 8/44 - (3952/(-44) - -3) is divided by 47.
40
Let x = -8 - -13. What is the remainder when x is divided by (-1)/(5*(-4)/40)?
1
Suppose 5*i - 5*r = 55, r = -3*i - 0*i + 13. Suppose 0 = -4*c + 3*j + 44, 86 = 5*c - 2*j + i*j. What is the remainder when 39 is divided by c?
11
Let n = 98 + -88. Let v = -7 + n. What is the remainder when 11 is divided by v?
2
Let f(a) = -a**2 - 20*a + 49. Let t be f(-22). Suppose 2*g = d - 0*d - 71, -t*g = -4*d + 275. What is the remainder when d is divided by 17?
14
Let j = 117 - 95. Calculate the remainder when 151 is divided by j.
19
Let p(h) = 3*h**2 + 3*h - 4. Let u be p(-2). Suppose 3*q - 48 = 2*n, -3*q = -u*q + n - 11. What is the remainder when 165 is divided by q?
11
Let g(z) = -18*z - 2. Let o(m) = -19*m - 2. Let w(t) = -5*g(t) + 4*o(t). Let s be w(-5). Calculate the remainder when (-2)/5 - s/20 is divided by 1.
0
Let f(j) = j**3 + 6*j**2 + 3*j + 6. Let h = -121 + 186. Calculate the remainder when f(-5) is divided by 8/(-28) + h/7.
7
Let t(s) = s**2 + 3. Let i(a) = -2*a. Let d(f) = i(f) + t(f). Suppose -p + 1 = -2. Calculate the remainder when 10 is divided by d(p).
4
Let m = 36 - 46. What is the remainder when 1 is divided by (-5)/(-6)*3*(-4)/m?
0
Calculate the remainder when 109 is divided by (35/5 - 9)/(1/(-4)).
5
Suppose x = 0, 0*z + 3*z = 3*x + 102. Let h be ((-80)/48)/(1/(-3)). Suppose -g - 55 = -h*p - 6*g, 3*p - g = 25. What is the remainder when z is divided by p?
7
Suppose 300 = -22*x + 25*x. Calculate the remainder when x is divided by 26.
22
Suppose -2*a + 24 = 4*l, 4*a = -0*a + 3*l + 15. What is the remainder when 711 is divided by a?
3
Let r(c) = -31*c + 2. Suppose -5*y = 3*x + 18, -4*x + 9*x + 2 = y. What is the remainder when r(x) is divided by 9?
6
Let n(j) = -j**3 + 8*j**2 - 4*j - 6. Let o = -16 - -20. Suppose r - 9 = -o. Calculate the remainder when n(r) is divided by 13.
10
Suppose 0 = 3*a - i - 126, 2*a - 4*a + 84 = i. Let o = a + -23. Suppose 0 = 4*n - o - 21. Calculate the remainder when 19 is divided by n.
9
Suppose 0 = -5*a - 9*a + 1232. What is the remainder when a is divided by 45?
43
Let f be (-3)/(4/((-16)/6)). Let i = 7 - f. Suppose 0*b = i*b, -4*p + 5*b = -112. Calculate the remainder when p is divided by 10.
8
Suppose -2*w = -8*w + 252. Suppose -33*l = -w*l + 351. Calculate the remainder when l is divided by 23.
16
Suppose -236 = -322*c + 318*c. Let f = 4 + -12. Calculate the remainder when c is divided by ((-6)/f)/(3/84).
17
Let a = -298 - -516. Calculate the remainder when a is divided by 10.
8
Let n = 31 - 17. Let t(a) = -a**2 - 16*a + 9. Calculate the remainder when t(-10) is divided by n.
13
Suppose 7*i + 1216 = 11*i - 2*d, 2*i + 2*d = 608. Calculate the remainder when i is divided by 92.
28
Let w(j) = -j**3 - 4*j**2 - 2*j - 5. Let m be w(-4). Calculate the remainder when 28 - (m - 0)*-1 is divided by 17.
14
Suppose -117*o + 59*o - 840 = -65*o. Calculate the remainder when o is divided by (-3 + 2)/(2/(-82)).
38
What is the remainder when (45 - -1)*((-294)/(-12))/7 is divided by 27?
26
Let o(a) = a**2 + a - 7. Suppose 25*s - 49 = 76. Calculate the remainder when o(-5) is divided by s.
3
Let n = 29 - -9. Let z(w) = w**2 + 25*w + 40. Let s be z(-22). Let u = s + n. What is the remainder when 34 is divided by u?
10
Let n = -809 + 862. Calculate the remainder when 152 is divided by n.
46
Let i(j) = 15*j - 70. Calculate the remainder when i(6) is divided by 11.
9
Let q(d) = d**3 + 9*d**2 - 17*d - 7. What is the remainder when q(-8) is divided by 13?
11
Let b be 8/32 + 315/4. Suppose -b*q = -82*q + 189. What is the remainder when q is divided by 22?
19
Suppose -21*x + 8*x + 949 = 0. Suppose 57 + 84 = -3*p. Let z = x + p. Calculate the remainder when z is divided by 11.
4
Let c(b) = -2*b**2 + 13*b - 7. Let q be c(10). Let k = q + 130. What is the remainder when k is divided by 18?
17
Let g(l) = 2*l - 1. Let y = 556 - 211. Let c be y/35 - (-3)/21. What is the remainder when g(c) is divided by 10?
9
Suppose 22*d - 156 = 18*d + 3*y, -d = 3*y - 54. What is the remainder when d is divided by (-1 - -3)*30/4?
12
Let x(v) be the second derivative of 2*v**4/3 + 4*v**3/3 + 17*v**2/2 + 44*v. What is the remainder when 130 is divided by x(-2)?
31
Calculate the remainder when 376 + (-2 - 5/5) is divided by 17.
16
Let r = 702 - 663. What is the remainder when 310 is divided by r?
37
Let c = -1343 + 1360. Let i(d) = d**2 + 4*d + 5. Calculate the remainder when c is divided by i(-5).
7
Suppose -4*c + c + 5*r + 17 = 0, -20 = -4*r. Let l(i) = -3*i - 1. Let d be l(-5). Let w = -6 + d. What is the remainder when c is divided by w?
6
What is the remainder when 359 is divided by ((-6)/(-2) - 2)*20?
19
Let p(l) = l - 3. Let w be p(10). Suppose 0 = 3*g - 2*g - 2*j + 31, 0 = 4*g + 4*j + 76. Calculate the remainder when (-26)/91 - g/w is divided by 1.
0
Suppose 3*l - 183 = 5*l - 5*d, -3*l + d = 242. Let k = -48 - l. Calculate the remainder when k is divided by 20.
11
Suppose -u = -4*l + 1, 2*l = 3*u + l - 41. Let h(o) = o**2 - 13*o + 14. What is the remainder when h(u) is divided by 9?
8
Suppose -5*x + 22 + 168 = 0. Let l(u) = 2*u - 6. Let o be l(4). What is the remainder when x is divided by (-12 - -5)*(-4)/o?
10
Suppose -2*w + 37 = 3*p, 3*p + 2*w = -2*p + 55. Suppose 2*v = u + 14, -u + 4*v - 32 = 2*u. Let g = u + p. Calculate the remainder when 24 is divided by g.
4
Let x = 15 + 28. Let q(h) = -h**3 + 6*h**2 + 30*h - 164. Calculate the remainder when x is divided by q(5).
10
Let w(x) = -2*x**3 + 9*x**2 + 30*x - 1. Calculate the remainder when 635 is divided by w(6).
67
Suppose -5*q + 58 = g, 3*g + 489 = 4*q + 701. Let k = 29 + -5. What is the remainder when g is divided by k?
20
Let a be ((-8)/(-10))/(10/300). Let q be (-6)/a - 21/(-4). Suppose -q = -4*l + 71. Calculate the remainder when l is divided by 11.
8
Calculate the remainder when 41 is divided by (-11 + (-4 - 7))/(-1).
19
Let v = -654 + 299. What is the remainder when 36 is divided by (-3)/15 + v/(-25)?
8
Let n(x) = 16*x + 78. Let s(y) = 4*y + 19. Let q(f) = 2*n(f) - 9*s(f). What is the remainder when 222 is divided by q(-10)?
22
Suppose 4*j + 0*g = g - 224, -j - 3*g - 69 = 0. Let o = -36 - j. Let m = 1713 - 1651. Calculate the remainder when m is divided by o.
20
Suppose -836 = 742*b - 753*b. Calculate the remainder when 148 is divided by b.
72
Suppose u + 8*s + 11 = 5*s, -2*s + 58 = -4*u. Suppose -3 + 39 = -4*t. Let k = t - u. What is the remainder when 19 is divided by k?
4
Let s be -3 + (-2 - (-7 - -2)). Let b = s - -1. Calculate the remainder when 33 is divided by 19 + (-3 - 0) + b.
16
Suppose -9 = 8*w - 11*w. What is the remainder when 3 is divided by w?
0
Suppose 48 = 5*p - 2*p. Suppose 0 = 5*j - 3*j - 94. Calculate the remainder when j is divided by p.
15
Suppose 3*z - 6*h + 3*h = 453, 3*z + 5*h = 477. What is the remainder when z is divided by 26?
24
Let l(a) = 2*a**2 + 16*a - 31. What is the remainder when l(-13) is divided by 26?
21
Suppose -239*p - 1610 = -262*p. Calculate the remainder when 108 is divided by p.
38
Suppose 0 = 6*r + r - 42. What is the remainder when 1*7 + (9 - r) + -3 is divided by 1?
0
Let f = 1438 - 1307. Calculate the remainder when 232 is divided by f.
101
Let p(g) = 5*g**2 - 8*g - 15. Let y(z) = -2*z**2 + 4*z + 7. Let q(n) = 3*p(n) + 7*y(n). What is the remainder when 10 is divided by q(-4)?
2
Let y = -304 + 322. Calculate the remainder when 214 is divided by y.
16
Suppose q = -5*c + 175 - 30, 4*q = -5*c + 145. Let n = c - 24. Calculate the remainder when n is divided by 2.
1
Suppose -5*n - 57 = 4*i, -5*i - 3*n - 21 = 34. Calculate the remainder when (29/(-5))/(i/40) is divided by 9.
2
Let j(t) = t**2 + 2*t + 2. Let s(w) = -w + 1. Let r be s(-2). Let n = -26 - -56. What is the remainder when n is divided by j(r)?
13
Suppose 13 = -2*n + 5*h, -h - 18 = -4*n + 1. Suppose n*w + 85 = 5*s + w, -3*w = -s + 19. Suppose i + i = s. What is the remainder when 13 is divided by i?
5
Let y(n) = n**3 + 9*n**2 + 6*n - 5. Let c(r) = 